e
Does 2 divide 16859364?
True
Does 885 divide 177618615?
True
Is 33150982 a multiple of 2966?
True
Is 17026980 a multiple of 815?
True
Is 7 a factor of 44331169?
False
Does 766 divide 1594409084?
True
Is 37 a factor of 32101016?
False
Does 249 divide 1206403755?
True
Is 795 a factor of 9542385?
True
Is 111 a factor of 18281145?
True
Is 194345981 a multiple of 651?
False
Is 762873220 a multiple of 960?
False
Is 53 a factor of 12745122?
True
Is 80 a factor of 258474794?
False
Is 8899152 a multiple of 16?
True
Is 10 a factor of 13801060?
True
Is 4 a factor of 19809924?
True
Is 114 a factor of 23055786?
False
Is 295 a factor of 229552349?
False
Is 63 a factor of 143936163?
True
Is 15108102 a multiple of 23?
True
Is 591903479 a multiple of 8263?
True
Is 19 a factor of 1545946788?
False
Is 49 a factor of 1086694168?
True
Is 5517222672 a multiple of 676?
True
Does 51 divide 549848238?
True
Is 57808940 a multiple of 14?
True
Does 99 divide 39960638?
False
Does 5 divide 589025?
True
Does 11 divide 62375599?
True
Does 16 divide 31880544?
True
Is 193 a factor of 205871363?
True
Is 61 a factor of 332802946?
True
Is 5 a factor of 521008900?
True
Is 360557632 a multiple of 2153?
False
Is 38 a factor of 65524145?
False
Is 42724374 a multiple of 294?
True
Is 1103 a factor of 112568871?
True
Is 6 a factor of 4149214?
False
Is 2126 a factor of 280946017?
False
Is 151913606 even?
True
Is 96 a factor of 148942080?
True
Does 5 divide 21312780?
True
Is 671 a factor of 51983632?
False
Does 2238 divide 1397525814?
True
Does 4046 divide 227033198?
True
Is 5847 a factor of 739682815?
False
Is 11 a factor of 69140949?
False
Does 257 divide 715668256?
False
Does 306 divide 120505061?
False
Is 1780827163 a multiple of 55?
False
Does 19 divide 81998086?
False
Is 1867 a factor of 16279717?
False
Does 613 divide 110507950?
False
Is 3574692 a multiple of 198?
True
Does 6833 divide 2664774338?
True
Does 13 divide 430827512?
False
Is 1670407728 a multiple of 16?
True
Does 603 divide 2022867216?
True
Does 474 divide 69030516?
True
Does 9 divide 221717538?
True
Is 15 a factor of 2299278?
False
Does 538 divide 606379602?
False
Does 13 divide 24345977?
False
Is 90551151 a multiple of 18?
False
Is 1036 a factor of 112509059?
False
Is 162125480 a multiple of 134?
False
Does 1788 divide 145153850?
False
Is 99342336 a multiple of 552?
True
Is 275715184 a multiple of 622?
True
Is 849738005 a multiple of 161?
False
Is 137 a factor of 1048380240?
False
Is 5 a factor of 4871860?
True
Is 296678676 a multiple of 12?
True
Does 296 divide 613704200?
True
Does 157 divide 126682829?
True
Does 488 divide 28874960?
True
Is 20370990 a multiple of 29?
False
Is 34652432 a multiple of 22?
False
Does 13 divide 22123384?
False
Is 286 a factor of 134632693?
False
Is 142 a factor of 14048486?
True
Is 1487036175 a multiple of 1383?
True
Is 19 a factor of 15869635?
False
Does 120 divide 948124200?
True
Does 2473 divide 1965230291?
False
Is 1688937 a multiple of 6?
False
Is 22 a factor of 1220001473?
False
Does 363 divide 48084365?
False
Is 1328065736 a multiple of 15?
False
Is 776 a factor of 3597643864?
True
Is 152023756 a multiple of 2885?
False
Is 10446789 a multiple of 51?
True
Is 345 a factor of 2447925075?
True
Does 427 divide 254994727?
False
Is 112 a factor of 59629248?
True
Is 1265 a factor of 53099041?
False
Is 10 a factor of 29675420?
True
Is 177835680 a multiple of 176?
True
Is 21 a factor of 33649308?
True
Does 65 divide 394647825?
True
Is 28264588 a multiple of 8?
False
Is 2758210 a multiple of 455?
True
Is 7370736 a multiple of 17?
False
Is 12056 a factor of 1222876248?
True
Is 149 a factor of 41288551?
False
Is 83510856 a multiple of 52?
True
Is 2047 a factor of 955949?
True
Is 268 a factor of 447298448?
False
Is 30437263 a multiple of 16?
False
Is 1532091139 a multiple of 5314?
False
Does 16 divide 186911?
False
Is 47170182 a multiple of 149?
False
Does 21 divide 44796740?
False
Is 29834371 a multiple of 164?
False
Is 1369483694 a multiple of 5190?
False
Is 40 a factor of 54683160?
True
Is 23 a factor of 106028367?
True
Is 1159 a factor of 49880527?
False
Is 817153045 a multiple of 32?
False
Does 5927 divide 319723468?
False
Does 28 divide 307378344?
True
Does 152 divide 113858792?
True
Is 11 a factor of 257881558?
True
Does 1833 divide 2509430034?
False
Is 797949150 a multiple of 147?
False
Is 2 a factor of 958109?
False
Is 3328 a factor of 319488?
True
Does 161 divide 1334459126?
True
Is 565 a factor of 8024130?
True
Does 28 divide 2904140?
False
Is 10625314 a multiple of 574?
True
Is 2993 a factor of 952962221?
True
Is 407398255 a multiple of 69?
False
Does 438 divide 190356114?
True
Is 703 a factor of 302681571?
True
Is 14 a factor of 1002153583?
False
Is 7 a factor of 92853530?
True
Is 128891391 a multiple of 1545?
False
Does 8894 divide 560455410?
True
Does 49 divide 4164076154?
True
Does 214 divide 177199490?
True
Is 67945530 a multiple of 158?
True
Is 42 a factor of 77449176?
True
Does 1368 divide 67025951?
False
Does 96 divide 120175467?
False
Is 101 a factor of 472617425?
False
Is 944339236 a multiple of 62?
True
Does 4 divide 11762612?
True
Does 33 divide 68774857?
False
Does 6397 divide 2129420566?
True
Does 446 divide 2984479079?
False
Is 22 a factor of 28189010?
False
Is 24 a factor of 936541464?
True
Does 152 divide 115797248?
True
Does 1290 divide 184533210?
True
Does 4 divide 30194200?
True
Is 1127 a factor of 295133125?
True
Does 69 divide 82348188?
True
Does 11 divide 37254955?
False
Does 432 divide 63490176?
True
Does 29 divide 1495694?
False
Does 5 divide 25334550?
True
Is 1254375800 a multiple of 6980?
True
Does 416 divide 29778528?
True
Is 968322 a multiple of 196?
False
Is 886286520 a multiple of 630?
True
Does 72 divide 6978455?
False
Does 141 divide 79267994?
False
Is 163633359 a multiple of 3?
True
Is 11634750 a multiple of 30?
True
Does 3 divide 40376206?
False
Is 214 a factor of 28386380?
False
Is 3216054 a multiple of 1714?
False
Is 98340276 a multiple of 76?
True
Is 27 a factor of 1282198329?
True
Is 5494354140 a multiple of 298?
True
Does 1249 divide 46669012?
False
Is 3145831825 a multiple of 5615?
True
Is 102461931 a multiple of 686?
False
Does 3 divide 346301526?
True
Does 24 divide 3271332?
False
Is 13 a factor of 2301645407?
False
Is 921 a factor of 300558219?
True
Is 775696362 a multiple of 2121?
True
Is 16 a factor of 35761104?
True
Is 529 a factor of 184624975?
False
Is 89 a factor of 3067738644?
False
Is 60 a factor of 173971451?
False
Is 9 a factor of 33355710?
True
Is 6 a factor of 653476?
False
Does 242 divide 84115112?
False
Does 57 divide 32507670?
True
Is 136711800 a multiple of 75?
True
Is 3394 a factor of 55474930?
True
Is 569 a factor of 54140919?
True
Does 885 divide 243548910?
False
Is 423116371 a multiple of 6?
False
Is 36575456 a multiple of 817?
True
Is 32237352 a multiple of 18?
True
Does 19 divide 1220461238?
True
Is 46087080 a multiple of 8?
True
Is 125 a factor of 19631125?
True
Is 854383056 a multiple of 48?
True
Is 207 a factor of 1898974182?
False
Is 13 a factor of 203374066?
False
Does 203 divide 1972223194?
False
Is 1052 a factor of 19879644?
True
Does 6 divide 35019792?
True
Is 36285820 a multiple of 779?
True
Does 123 divide 17863659?
True
Does 20 divide 3574725100?
True
Is 1961226965 a multiple of 71?
True
Is 177 a factor of 147506626?
False
Is 4 a factor of 5195761?
False
Is 1262342671 a multiple of 31?
False
Is 1232 a factor of 768673136?
True
Does 278 divide 193371632?
False
Is 1315 a factor of 1160211578?
False
Is 959632384 a multiple of 512?
True
Is 83288285 a multiple of 433?
False
Is 423314143 a multiple of 272?
False
Is 373859600 a multiple of 1264?
True
Is 31 a factor of 424761039?
True
Is 12058032 a multiple of 21?
True
Is 1060 a factor of 464107220?
True
Is 2066 a factor of 13158906?
False
Does 9 divide 1376777151?
True
Is 28539647 a multiple of 34?
False
Is 5040688 a multiple of 69?
False
Does 61 divide 987307250?
False
Does 12 divide 5812881817?
False
Is 10408279 a multiple of 729?
False
Does 1884 divide 94759548?
True
Is 10 a factor of 10771834?
False
Does 1494 divide 205904339?
False
Is 31204632 a multiple of 11?
False
Is 42 a factor of 3730562?
False
Is 52394150 a multiple of 50?
True
Is 28 a factor of 